t o(c) = c**3 + 4*c**2 - 5. Let w be o(-3). Suppose -4*b = -s - 12, w*b - 12 = 2*s - 0*s. Suppose l - 4*q - 1125 = 0, s*q + q + 1137 = l. Is l a prime number?
False
Suppose 4*l + l = 2*w - 21, -5*w + 6 = 3*l. Let h(g) be the second derivative of -35*g**3/2 + g**2 - 11*g. Is h(l) prime?
True
Is 34/(-323) + (-37660)/(-19) prime?
False
Is ((-61449)/(-6))/(2 + 27/(-18)) a composite number?
False
Suppose 4*c - 40103 = -13*c. Is c a composite number?
True
Let p = -21 + 26. Suppose -4*x + 849 = p. Is x prime?
True
Let x be -2 - -2011 - 9/(-3). Let l = x + -489. Is l prime?
True
Let k be ((-2)/1 - -2) + 0. Suppose -m - 15 = -4*h, k*h = -4*m - 2*h - 42. Let v = m + 15. Is v prime?
False
Suppose 14708 = k + 2481. Is k a composite number?
False
Let f(r) = 249*r**2 - 9*r - 5. Is f(7) prime?
False
Let q(s) be the second derivative of -415*s**3/3 - 3*s**2/2 - 14*s. Is q(-2) prime?
True
Let p(m) be the third derivative of -m**5/60 - m**4/4 - 5*m**3/6 - 2*m**2. Let l be p(-5). Is l/(6/(-2)) + 55 composite?
True
Suppose -3*k + 2*c = -24977, 2*c - 5721 - 35934 = -5*k. Is k composite?
False
Let l = 23741 + 12018. Is l composite?
False
Suppose v + 2*v - 4*m - 346 = 0, 3*v - 3*m = 351. Is v prime?
False
Suppose 3*i = 7*i + 12. Let j(o) be the third derivative of -o**6/60 - o**5/15 - o**4/24 - o**3/3 - 7*o**2. Is j(i) a prime number?
True
Let g = -835 - -2796. Is g composite?
True
Let d = 2613 + 8158. Is d prime?
True
Let q = 10 - 6. Suppose 4*n - 78 = 2*u, -4*n - q*u = -u - 63. Suppose 291 = h + 4*s - n, 3*h - s = 953. Is h a prime number?
True
Let c(f) = -29*f - 47. Let b(l) = -14*l - 23. Let k(u) = 13*b(u) - 6*c(u). Is k(-17) a prime number?
False
Let a(m) = 35*m**2 + 2. Let b = 5 - 3. Is a(b) prime?
False
Suppose -y - 4*y + 4189 = -3*x, -1686 = -2*y - 4*x. Is y a composite number?
False
Let i = -531 + 945. Let x = i + -169. Suppose 3*y + s = 64 + 83, -5*s = -5*y + x. Is y composite?
True
Let b(t) = -1082*t - 11. Let z = 92 + -94. Is b(z) composite?
False
Suppose -4*r = 4*r - 203280. Suppose 680 = 10*l - r. Is l prime?
True
Let o = -58 + 615. Is o a composite number?
False
Let c be 1/(-3)*(8 - 23). Suppose -5*t + g + 2*g + 9612 = 0, -1918 = -t + c*g. Is t a composite number?
True
Let o(j) = -420*j - 1. Let t be 1*(-3 + 6)*2. Suppose -f + t + 2 = -4*y, 12 = 3*f. Is o(y) composite?
False
Let a be (-7060)/(-14) - (-2)/(-7). Suppose 4*k = 3*c + 11, -4*c = k - 12 - 5. Suppose 2*r = k*u + a - 6367, 2326 = 2*u + 4*r. Is u composite?
False
Let d(g) = -6*g**3 + g**2 - 8*g - 13. Let l be 3/2 + (-1 - (-18)/(-4)). Is d(l) a composite number?
False
Suppose 5*w = 23 - 3. Let a(x) = 4*x**3 - 6*x**2 + 6*x - 3. Let g be a(w). Let f = 418 - g. Is f a prime number?
False
Suppose 3*x - 4*r + 10 = 0, 7*x + 5*r = 3*x + 28. Suppose 493 + 771 = x*a + 2*q, a = 4*q + 627. Is a a composite number?
False
Is 205863/49 + (-6)/21 prime?
True
Is (-6 - -8 - 469)/(-1) prime?
True
Suppose -12 = 4*i, 0*i + 79639 = 5*v + 2*i. Is v composite?
True
Suppose -i + 73 = 5*h - 333, 329 = 4*h + 5*i. Let t = h - -392. Is t a composite number?
True
Let o be 0/(1/4 + 9/(-4)). Suppose o = -3*w - 4*j + 8248 - 2859, 4*w = -2*j + 7182. Is w a prime number?
False
Let d(f) = 2*f**2 + 15*f + 13. Suppose 2*y + 3*y = 4*x + 58, -3*x - 4*y - 28 = 0. Is d(x) a composite number?
True
Let u(s) be the third derivative of s**5/12 - s**4/24 + 5*s**3/6 - s**2. Let k be ((-6)/5)/(-4 + 42/10). Is u(k) composite?
False
Suppose -5*i - 5*f + 3666 = -4*i, 3676 = i - 5*f. Is i prime?
True
Let i = 1584 + -1096. Let l = -262 + i. Is l a composite number?
True
Let n(j) = 41*j**2 + 2 - 8 + 1 - 3*j + 7*j. Is n(-4) a composite number?
True
Let p = 22 + -18. Is (2 - p - -141)/1 a composite number?
False
Suppose 0 = -4*b + 20, 5*q + 3*b - 78764 = 19826. Is q prime?
False
Let z(g) = 2*g + 5. Let o(h) = -5*h**3 + h**2 + h. Let b be o(-1). Let q be z(b). Suppose 0 = -3*m - 6, -6*i + 3*m + q = -3*i. Is i composite?
False
Suppose -5*c - 35 = -95. Suppose -11*d + 13*d - c = 0. Suppose 4*f - 2*f - d = 0, 4*i - 1200 = 4*f. Is i a prime number?
False
Let m be 0*-4*2/(-8). Suppose m = -f - 12 + 69. Is f a prime number?
False
Suppose -s + 13 = r + s, 14 = 2*r + s. Suppose -r*i = 50 - 0. Is 6/i + 3380/50 prime?
True
Let r(q) = -1108*q + 1. Let k be r(-4). Let p = k - 2254. Is p a prime number?
True
Let u be ((-9)/(-27))/(1 + (-10)/12). Suppose i + 4*i = -k + 4430, -4*k - 1794 = -u*i. Is i composite?
False
Suppose m + m - 8 = 5*n, 5*n = 4*m - 16. Suppose -m*h - 6 = -7*h. Is 18/15*185/h a composite number?
True
Let n = 103 - 98. Suppose 0 = -3*c + 3*t + 3777, 2 = -6*t + n*t. Is c composite?
True
Let f(w) = 4*w**2 + 3*w - 2. Let s be f(1). Suppose 5*y - s*m = 850, 2*m - 826 = -5*y - m. Is y prime?
True
Let a(w) = w - 7. Let f be a(12). Suppose p + 2*c - 182 = 0, f*c = -2*p - p + 549. Let x = p - 93. Is x composite?
True
Let m = -41 + 43. Suppose -2*k - m*k = -4*v + 736, 915 = 5*v - 4*k. Is v a prime number?
True
Suppose -40595 = -40*g + 199685. Is g prime?
True
Let t be -4 + 3 + 3 + 0. Suppose 3*o + 18 = 4*u, -u + t*u - 2*o = 7. Suppose 0*g - 105 = -u*g. Is g prime?
False
Let z(g) = -3*g + 13. Let a = 12 - 6. Let r be z(a). Let p(s) = -4*s - 6. Is p(r) prime?
False
Let y = 11 - 13. Let r be ((y - -5) + -3)/1. Is 2 + 1*(r + 263) a composite number?
True
Let c(o) = -40*o**2 + o + 1. Let v be c(-1). Is (-8856)/v + (-2)/5 a prime number?
False
Let j = 2702 + -451. Is j composite?
False
Let p(t) = -6*t**3 + 2*t**2 + 20*t - 5. Is p(-9) a composite number?
True
Let v(g) = -234*g - 5. Is v(-6) a prime number?
True
Let o = -4 + 6. Let h be ((-24)/(-42))/(o/14). Let f(r) = 4*r**2 + 3*r + 3. Is f(h) composite?
False
Suppose -4*o - 3*t - 12 = 0, 3*o - 3*t - 12 + 0 = 0. Suppose -325 = -q + 2*a, -3*q = -o*a + 3*a - 993. Is q prime?
False
Let t(b) = 9*b**3 - 10*b**3 + 235 - 2*b + 2696. Let s be t(0). Suppose 2*n - 1164 = 5*f, -5*n + f = -f - s. Is n a prime number?
True
Let f be -2*(-1 - 3/2). Suppose -f*j + 4 - 19 = 5*w, 4*w = 5*j + 33. Suppose -4*z = -2*m - 1228, -633 = -w*z + 4*m - 19. Is z a prime number?
True
Let k(w) = 77*w**2 + 19*w + 119. Is k(-5) prime?
True
Suppose 0 = -2*p - 5*a + 10319, -2897 = -3*p + 4*a + 12524. Is p a composite number?
False
Let b(h) = -2*h**2 - 9*h + 1. Let i be b(-5). Let n = i - -8. Suppose 55 = o + 3*u, -4*o = -3*o - n*u - 62. Is o a prime number?
False
Is 16 + 3441 - (-1 + 5) prime?
False
Let j = 1 + 2. Let h be (31 - (-6 + j)) + 2. Suppose -w = -h + 3. Is w a composite number?
True
Suppose 7*w + 18*w = 88575. Is w prime?
False
Let j = 47 + -47. Suppose -4*m = y - 18, j = -5*y + 3*y + 5*m + 49. Is y a composite number?
True
Let a be ((-76)/(-12) + -5)*1*1158. Suppose -a = -3*b + 217. Is b prime?
True
Let m(t) be the first derivative of 3*t + 1/2*t**4 + 2*t**3 + 9 - 2*t**2. Is m(4) a composite number?
False
Let i(u) = -4*u - 1. Let k = 1 - -3. Suppose -2*y = -w - 4*y - 19, -k*y = -4*w - 16. Is i(w) prime?
False
Suppose -3*p - 3 = -2*p, -p = -2*o + 2761. Is o prime?
False
Suppose h - 10*h + 77625 = 0. Suppose -h = -20*p + 1115. Is p a composite number?
False
Let i(r) = -31*r**3 - 4*r**2 - 5*r + 8. Let w(z) = -z**3 + z**2 + z - 1. Let f(j) = -i(j) - 6*w(j). Let v be f(2). Let o = v - -233. Is o composite?
True
Let k = -2891 - -5956. Is k a prime number?
False
Suppose 0 = -13*d + 3910 + 367669. Is d a prime number?
False
Let g(y) = -y**3 + 25*y**2 - 47*y + 27. Let m be g(23). Suppose m*o = 16 + 124. Is o prime?
False
Suppose -2*k - 2*f - 2*f = 40, 2*k = -3*f - 44. Let g = -22 - k. Suppose -p - 5845 = -g*p. Is p a prime number?
False
Let h = -3 + 8. Suppose -h*i + j + 15 = 3, -4*i + j = -9. Suppose 0 = -3*k + 2*k - i*z + 293, k - 4*z - 293 = 0. Is k a prime number?
True
Let c = -1448 - -2118. Suppose c = k - 6*k - 5*g, -5*k = -g + 646. Let q = 81 - k. Is q composite?
False
Let l(b) = -4*b**3 - 20*b**2 + 3*b**3 - 81 + 50. Is l(-22) prime?
True
Let g = -245 + 428. Suppose -o + g - 873 = 0. Let z = o - -1021. Is z prime?
True
Let l = -3345 + 12260. Is l a prime number?
False
Is ((-5 - 0) + 4)/((-3)/42729) a prime number?
True
Let d = 5900 - 429. Is d a prime number?
True
Let d = 1078 - -321. Is d a prime number?
True
Let i = 3 + -11. Let n be -2*(4/i + 3). Is 2/n + 84493/95 composite?
True
Suppose 2*q + 19 = 7. Is (q/(-5))/((-10)/(-125))